{"id":96,"date":"2022-02-13T15:46:32","date_gmt":"2022-02-13T14:46:32","guid":{"rendered":"https:\/\/www.nordfunk.at\/?page_id=96"},"modified":"2024-04-13T07:22:56","modified_gmt":"2024-04-13T05:22:56","slug":"oe5jpp","status":"publish","type":"page","link":"https:\/\/www.nordfunk.at\/?page_id=96","title":{"rendered":"OE5JPP &#8211; Johannes"},"content":{"rendered":"\n<figure class=\"wp-block-image size-large is-resized\"><img loading=\"lazy\" decoding=\"async\" width=\"768\" height=\"1024\" src=\"http:\/\/192.168.1.23\/nordfunk\/wp-content\/uploads\/2022\/02\/IMG_20190103_170729-768x1024.jpg\" alt=\"\" class=\"wp-image-97\" style=\"width:182px;height:243px\" srcset=\"https:\/\/www.nordfunk.at\/wp-content\/uploads\/2022\/02\/IMG_20190103_170729-768x1024.jpg 768w, https:\/\/www.nordfunk.at\/wp-content\/uploads\/2022\/02\/IMG_20190103_170729-225x300.jpg 225w, https:\/\/www.nordfunk.at\/wp-content\/uploads\/2022\/02\/IMG_20190103_170729-112x150.jpg 112w, https:\/\/www.nordfunk.at\/wp-content\/uploads\/2022\/02\/IMG_20190103_170729.jpg 899w\" sizes=\"auto, (max-width: 768px) 100vw, 768px\" \/><\/figure>\n\n\n\n<figure class=\"wp-block-table\"><table><tbody><tr><td>Hallo, ich hei\u00dfe Johannes, und wohne in Schenkenfelden das ist n\u00f6rdlich von Linz in Ober\u00f6sterreich.<\/td><td>Hallo,my name is Johannes,and i\u00b4m living in the north of upper Austria<\/td><\/tr><tr><td>Geboren wurde ich ende 1972.<\/td><td>I was born at the end of 1972<\/td><\/tr><tr><td>Ich bin seit 2018 Lizensiert Class A, und arbeite vom 160m bis 2m 70cm Band.<\/td><td>I\u00b4m Licenced since June 2018, and working from 160 to 2m-70cm.<\/td><\/tr><tr><td>Ich binn verheiratet und habe drei T\u00f6chter, einen Hund, eine Katze, 3 Schildkr\u00f6ten und ca 30 Fische.<\/td><td>I am married and have 3 daughters.<\/td><\/tr><tr><td>Zu Hause benutze ich einen Kenwood TS50s, FT-7900, VX6, einTeamMX-10 f\u00fcr CB und im Auto ein Crt-Micron 2m 70cm.<\/td><td>At home i use a Kenwood TS50s, FT-7900, VX6, CRT Micron and a TeamMX-10 vor CB<\/td><\/tr><tr><td>Antennen: <br>Chameleon EMCOMM II ,and Vertical antennas for 11 and 2 m. <\/td><td>Antennas:<br>Chameleon EMCOMM II ,and Vertical antennas for 11 and 2 m<\/td><\/tr><tr><td>Grid Square JN78em<\/td><td>Grid Square JN78em<\/td><\/tr><tr><td><\/td><td><\/td><\/tr><tr><td>73 de OE5jpp<\/td><td>73 de OE5jpp<\/td><\/tr><tr><td><\/td><td><\/td><\/tr><\/tbody><\/table><\/figure>\n\n\n\n<figure class=\"wp-block-image size-full\"><img loading=\"lazy\" decoding=\"async\" width=\"400\" height=\"299\" src=\"http:\/\/192.168.1.23\/nordfunk\/wp-content\/uploads\/2022\/02\/1645371510539.jpg\" alt=\"\" class=\"wp-image-192\" srcset=\"https:\/\/www.nordfunk.at\/wp-content\/uploads\/2022\/02\/1645371510539.jpg 400w, https:\/\/www.nordfunk.at\/wp-content\/uploads\/2022\/02\/1645371510539-300x224.jpg 300w, https:\/\/www.nordfunk.at\/wp-content\/uploads\/2022\/02\/1645371510539-150x112.jpg 150w\" sizes=\"auto, (max-width: 400px) 100vw, 400px\" \/><\/figure>\n\n\n\n<figure class=\"wp-block-image size-full\"><img loading=\"lazy\" decoding=\"async\" width=\"768\" height=\"432\" src=\"http:\/\/192.168.1.23\/nordfunk\/wp-content\/uploads\/2022\/02\/DSC_0010_2.jpg\" alt=\"\" class=\"wp-image-187\" srcset=\"https:\/\/www.nordfunk.at\/wp-content\/uploads\/2022\/02\/DSC_0010_2.jpg 768w, https:\/\/www.nordfunk.at\/wp-content\/uploads\/2022\/02\/DSC_0010_2-300x169.jpg 300w, https:\/\/www.nordfunk.at\/wp-content\/uploads\/2022\/02\/DSC_0010_2-150x84.jpg 150w\" sizes=\"auto, (max-width: 768px) 100vw, 768px\" \/><\/figure>\n\n\n\n<figure class=\"wp-block-image size-full is-resized\"><img loading=\"lazy\" decoding=\"async\" width=\"832\" height=\"624\" src=\"http:\/\/192.168.1.23\/nordfunk\/wp-content\/uploads\/2022\/02\/DSC_0019_1.jpg\" alt=\"\" class=\"wp-image-189\" style=\"width:430px;height:323px\" srcset=\"https:\/\/www.nordfunk.at\/wp-content\/uploads\/2022\/02\/DSC_0019_1.jpg 832w, https:\/\/www.nordfunk.at\/wp-content\/uploads\/2022\/02\/DSC_0019_1-300x225.jpg 300w, https:\/\/www.nordfunk.at\/wp-content\/uploads\/2022\/02\/DSC_0019_1-768x576.jpg 768w, https:\/\/www.nordfunk.at\/wp-content\/uploads\/2022\/02\/DSC_0019_1-150x113.jpg 150w\" sizes=\"auto, (max-width: 832px) 100vw, 832px\" \/><\/figure>\n\n\n<div class=\"wp-block-image\">\n<figure class=\"alignleft size-full is-resized\"><img loading=\"lazy\" decoding=\"async\" width=\"691\" height=\"922\" src=\"http:\/\/192.168.1.23\/nordfunk\/wp-content\/uploads\/2022\/02\/IMG_20200427_180558.jpg\" alt=\"\" class=\"wp-image-184\" style=\"width:321px;height:428px\" srcset=\"https:\/\/www.nordfunk.at\/wp-content\/uploads\/2022\/02\/IMG_20200427_180558.jpg 691w, https:\/\/www.nordfunk.at\/wp-content\/uploads\/2022\/02\/IMG_20200427_180558-225x300.jpg 225w, https:\/\/www.nordfunk.at\/wp-content\/uploads\/2022\/02\/IMG_20200427_180558-112x150.jpg 112w\" sizes=\"auto, (max-width: 691px) 100vw, 691px\" \/><\/figure>\n<\/div>\n\n<hr>\n<p><iframe loading=\"lazy\" src=\"https:\/\/www.hrdlog.net\/hrdlogframe.aspx?user=OE5JPP&amp;lastqso=20&amp;qsomap=&amp;options=search;\" scrolling=\"auto\" width=\"100%\" height=\"500\"><\/iframe><\/p>\n<p><!-- HRDLOG.net script stop --><\/p>","protected":false},"excerpt":{"rendered":"<p>Hallo, ich hei\u00dfe Johannes, und wohne in Schenkenfelden das ist n\u00f6rdlich von Linz in Ober\u00f6sterreich. Hallo,my name is Johannes,and i\u00b4m living in the north of upper Austria Geboren wurde ich ende 1972. I was born at the end of 1972 Ich bin seit 2018 Lizensiert Class A, und arbeite vom &#8230;<\/p>\n<p class=\"continue-reading-button\"> <a class=\"continue-reading-link\" href=\"https:\/\/www.nordfunk.at\/?page_id=96\">Continue reading<i class=\"crycon-right-dir\"><\/i><\/a><\/p>\n","protected":false},"author":2,"featured_media":0,"parent":0,"menu_order":0,"comment_status":"closed","ping_status":"closed","template":"","meta":{"footnotes":""},"class_list":["post-96","page","type-page","status-publish","hentry"],"_links":{"self":[{"href":"https:\/\/www.nordfunk.at\/index.php?rest_route=\/wp\/v2\/pages\/96","targetHints":{"allow":["GET"]}}],"collection":[{"href":"https:\/\/www.nordfunk.at\/index.php?rest_route=\/wp\/v2\/pages"}],"about":[{"href":"https:\/\/www.nordfunk.at\/index.php?rest_route=\/wp\/v2\/types\/page"}],"author":[{"embeddable":true,"href":"https:\/\/www.nordfunk.at\/index.php?rest_route=\/wp\/v2\/users\/2"}],"replies":[{"embeddable":true,"href":"https:\/\/www.nordfunk.at\/index.php?rest_route=%2Fwp%2Fv2%2Fcomments&post=96"}],"version-history":[{"count":2,"href":"https:\/\/www.nordfunk.at\/index.php?rest_route=\/wp\/v2\/pages\/96\/revisions"}],"predecessor-version":[{"id":342,"href":"https:\/\/www.nordfunk.at\/index.php?rest_route=\/wp\/v2\/pages\/96\/revisions\/342"}],"wp:attachment":[{"href":"https:\/\/www.nordfunk.at\/index.php?rest_route=%2Fwp%2Fv2%2Fmedia&parent=96"}],"curies":[{"name":"wp","href":"https:\/\/api.w.org\/{rel}","templated":true}]}}