{"id":2,"date":"2022-02-10T10:05:03","date_gmt":"2022-02-10T09:05:03","guid":{"rendered":""},"modified":"2022-12-20T14:00:43","modified_gmt":"2022-12-20T13:00:43","slug":"beispiel-seite","status":"publish","type":"page","link":"https:\/\/www.nordfunk.at\/?page_id=2","title":{"rendered":"AMRS ADL 052 &#8211;  OE5XAX"},"content":{"rendered":"\n<p><strong>Austrian Military Radio Society (AMRS)  ADL 052 , Tilly-Kaserne<\/strong> <strong>Freistadt OE5XAX<\/strong><\/p>\n\n\n\n<figure class=\"wp-block-image size-full\"><img loading=\"lazy\" decoding=\"async\" width=\"789\" height=\"218\" src=\"http:\/\/192.168.1.23\/nordfunk\/wp-content\/uploads\/2022\/02\/karte2.png\" alt=\"\" class=\"wp-image-91\" srcset=\"https:\/\/www.nordfunk.at\/wp-content\/uploads\/2022\/02\/karte2.png 789w, https:\/\/www.nordfunk.at\/wp-content\/uploads\/2022\/02\/karte2-300x83.png 300w, https:\/\/www.nordfunk.at\/wp-content\/uploads\/2022\/02\/karte2-768x212.png 768w, https:\/\/www.nordfunk.at\/wp-content\/uploads\/2022\/02\/karte2-150x41.png 150w\" sizes=\"auto, (max-width: 789px) 100vw, 789px\" \/><\/figure>\n\n\n<p>Die Ortsstelle ADL052 befindet sich in der Tilly-Kaserne Freistadt im Objekt 001 und verf\u00fcgt \u00fcber eine eigenen kleinen Raum in der Geb\u00e4udeverwaltung.<\/p>\n<p><strong>Klubrufzeichen : OE5XAX<\/strong><\/p>\n<p>F\u00fcr unsere Mitglieder und Besucher stehen folgende Ger\u00e4te zur Verf\u00fcgung:<\/p>\n<p><strong>Transceiver<\/strong><\/p>\n<blockquote>\n<p>Yaesu FT-991<\/p>\n<p>Kenwood TS50 100 Watt mit Tuner<\/p>\n<p>Kenwood TMV71 &#8211; 2m \/70 cm<\/p>\n<p>Yaesu FT7900 &#8211; 2m\/70cm<\/p>\n<p>Yaesu VX6 &#8211; 2m\/70cm<\/p>\n<p>CB Funkger\u00e4t Kanal 9<\/p>\n<\/blockquote>\n<p><strong>Antennen:<\/strong><\/p>\n<blockquote>\n<p>Diamond V2000n 2m\/70cm<\/p>\n<p>Diamond X50 2m\/70cm<\/p>\n<p id=\"ProductTitle\" class=\"productTitle__title --headingExtraLarge productTitle__title--extended\">Albrecht 6348 GPA 27 10m\/11m<\/p>\n<p>HyEndFed-Antenne f\u00fcr 80-40-20-10m mit 21m L\u00e4nge<\/p>\n<p>Windom Antenne 10 &#8211; 80<\/p>\n<p>Diamond 770<\/p>\n<p>CB Antenne mit Magnetfuss<\/p>\n<\/blockquote>\n<p><strong>Messger\u00e4te:<\/strong><\/p>\n<blockquote>\n<p>SWR&amp;Power Meter CN-100 Daiwa<\/p>\n<p>FA-VA5 Vector Antenna Analyzer<\/p>\n<p>NanoVNA-H4<\/p>\n<\/blockquote>\n<hr \/>\n<p><strong>Kontakt:<\/strong><\/p>\n<p><strong>Ortsstellenleiter Tilly -Kaserne<br \/><\/strong><\/p>\n<p style=\"padding-left: 40px;\">(FOI) Johannes Pammer OE5JPP<\/p>\n<p style=\"padding-left: 40px;\">E-Mail:\u00a0\u00a0\u00a0 <a href=\"mailto:oe5jpp@oevsv.at\">oe5jpp@oevsv.at<\/a><\/p>\n<p><strong>Ortsstellenleiter Stellvertreter<\/strong><\/p>\n<p style=\"padding-left: 40px;\">(Vzlt)\u00a0 Walter H\u00f6dl\u00a0 OE5TJP<\/p>\n<p><strong><span class=\"headline\">Notfunkreferent:<\/span><\/strong><\/p>\n<p>\u00a0\u00a0\u00a0\u00a0\u00a0\u00a0\u00a0 Andreas Wimmer OE5AWE<\/p>\n<p>\u00a0\u00a0\u00a0\u00a0\u00a0\u00a0\u00a0 E-Mail: <a href=\"mailto:Klecks@klecks.at\">Klecks@klecks.at<\/a><\/p>\n<p>\u00a0<\/p>\n<hr \/>\n<p>Besuch sind nach Anmeldung <a href=\"mailto:OE5XAX@Nordfunk.at\">OE5XAX@Nordfunk.at<\/a> m\u00f6glich &#8211; keine regelm\u00e4\u00dfigen Treffen<\/p>\n<p>Infos zur Austrian Military Radio Society (AMRS)<\/p>\n<p><a href=\"https:\/\/amrs.oevsv.at\/home\/\">https:\/\/amrs.oevsv.at\/home\/<\/a><\/p>\n<p><strong>AMRS Runde: <\/strong>Jeden Freitag um 08:00 LT auf\u00a0 3700 kHz +- QRM.<\/p>\n<p>\u00a0<\/p>\n\n\n<h2 class=\"wp-block-heading\"><\/h2>\n\n\n\n<p><\/p>\n","protected":false},"excerpt":{"rendered":"<p>Austrian Military Radio Society (AMRS) ADL 052 , Tilly-Kaserne Freistadt OE5XAX Die Ortsstelle ADL052 befindet sich in der Tilly-Kaserne Freistadt im Objekt 001 und verf\u00fcgt \u00fcber eine eigenen kleinen Raum in der Geb\u00e4udeverwaltung. Klubrufzeichen : OE5XAX F\u00fcr unsere Mitglieder und Besucher stehen folgende Ger\u00e4te zur Verf\u00fcgung: Transceiver Yaesu FT-991 Kenwood &#8230;<\/p>\n<p class=\"continue-reading-button\"> <a class=\"continue-reading-link\" href=\"https:\/\/www.nordfunk.at\/?page_id=2\">Continue reading<i class=\"crycon-right-dir\"><\/i><\/a><\/p>\n","protected":false},"author":2,"featured_media":0,"parent":0,"menu_order":0,"comment_status":"closed","ping_status":"open","template":"","meta":{"footnotes":""},"class_list":["post-2","page","type-page","status-publish","hentry"],"_links":{"self":[{"href":"https:\/\/www.nordfunk.at\/index.php?rest_route=\/wp\/v2\/pages\/2","targetHints":{"allow":["GET"]}}],"collection":[{"href":"https:\/\/www.nordfunk.at\/index.php?rest_route=\/wp\/v2\/pages"}],"about":[{"href":"https:\/\/www.nordfunk.at\/index.php?rest_route=\/wp\/v2\/types\/page"}],"author":[{"embeddable":true,"href":"https:\/\/www.nordfunk.at\/index.php?rest_route=\/wp\/v2\/users\/2"}],"replies":[{"embeddable":true,"href":"https:\/\/www.nordfunk.at\/index.php?rest_route=%2Fwp%2Fv2%2Fcomments&post=2"}],"version-history":[{"count":2,"href":"https:\/\/www.nordfunk.at\/index.php?rest_route=\/wp\/v2\/pages\/2\/revisions"}],"predecessor-version":[{"id":277,"href":"https:\/\/www.nordfunk.at\/index.php?rest_route=\/wp\/v2\/pages\/2\/revisions\/277"}],"wp:attachment":[{"href":"https:\/\/www.nordfunk.at\/index.php?rest_route=%2Fwp%2Fv2%2Fmedia&parent=2"}],"curies":[{"name":"wp","href":"https:\/\/api.w.org\/{rel}","templated":true}]}}